[INFO] fetching crate datachannel-sys 0.8.0...
[INFO] checking datachannel-sys-0.8.0 against master#cfbc6d4cf1acbac5c025acf8ed68929caa551df3 for pr-75494-beta
[INFO] extracting crate datachannel-sys 0.8.0 into /workspace/builds/worker-14/source
[INFO] validating manifest of crates.io crate datachannel-sys 0.8.0 on toolchain cfbc6d4cf1acbac5c025acf8ed68929caa551df3
[INFO] running `Command { std: "/workspace/cargo-home/bin/cargo" "+cfbc6d4cf1acbac5c025acf8ed68929caa551df3" "read-manifest" "--manifest-path" "Cargo.toml", kill_on_drop: false }`
[INFO] started tweaking crates.io crate datachannel-sys 0.8.0
[INFO] finished tweaking crates.io crate datachannel-sys 0.8.0
[INFO] tweaked toml for crates.io crate datachannel-sys 0.8.0 written to /workspace/builds/worker-14/source/Cargo.toml
[INFO] running `Command { std: "/workspace/cargo-home/bin/cargo" "+cfbc6d4cf1acbac5c025acf8ed68929caa551df3" "generate-lockfile" "--manifest-path" "Cargo.toml" "-Zno-index-update", kill_on_drop: false }`
[INFO] running `Command { std: "/workspace/cargo-home/bin/cargo" "+cfbc6d4cf1acbac5c025acf8ed68929caa551df3" "fetch" "--locked" "--manifest-path" "Cargo.toml", kill_on_drop: false }`
[INFO] running `Command { std: "docker" "create" "-v" "/var/lib/crater-agent-workspace/builds/worker-14/target:/opt/rustwide/target:rw,Z" "-v" "/var/lib/crater-agent-workspace/builds/worker-14/source:/opt/rustwide/workdir:ro,Z" "-v" "/var/lib/crater-agent-workspace/cargo-home:/opt/rustwide/cargo-home:ro,Z" "-v" "/var/lib/crater-agent-workspace/rustup-home:/opt/rustwide/rustup-home:ro,Z" "-e" "SOURCE_DIR=/opt/rustwide/workdir" "-e" "CARGO_TARGET_DIR=/opt/rustwide/target" "-e" "CARGO_HOME=/opt/rustwide/cargo-home" "-e" "RUSTUP_HOME=/opt/rustwide/rustup-home" "-w" "/opt/rustwide/workdir" "-m" "1610612736" "--user" "0:0" "--network" "none" "rustops/crates-build-env@sha256:a636fd89d022f18117e1dc8fb37a0a009933cdbbe082814857f0e2024962d47c" "/opt/rustwide/cargo-home/bin/cargo" "+cfbc6d4cf1acbac5c025acf8ed68929caa551df3" "metadata" "--no-deps" "--format-version=1", kill_on_drop: false }`
[INFO] [stdout] 6b31855ebdc52bfeaacef611bc226f6471fec52105cc5ec9d21725d1f260a167
[INFO] [stderr] WARNING: Your kernel does not support swap limit capabilities or the cgroup is not mounted. Memory limited without swap.
[INFO] running `Command { std: "docker" "start" "-a" "6b31855ebdc52bfeaacef611bc226f6471fec52105cc5ec9d21725d1f260a167", kill_on_drop: false }`
[INFO] running `Command { std: "docker" "inspect" "6b31855ebdc52bfeaacef611bc226f6471fec52105cc5ec9d21725d1f260a167", kill_on_drop: false }`
[INFO] running `Command { std: "docker" "rm" "-f" "6b31855ebdc52bfeaacef611bc226f6471fec52105cc5ec9d21725d1f260a167", kill_on_drop: false }`
[INFO] [stdout] 6b31855ebdc52bfeaacef611bc226f6471fec52105cc5ec9d21725d1f260a167
[INFO] running `Command { std: "docker" "create" "-v" "/var/lib/crater-agent-workspace/builds/worker-14/target:/opt/rustwide/target:rw,Z" "-v" "/var/lib/crater-agent-workspace/builds/worker-14/source:/opt/rustwide/workdir:ro,Z" "-v" "/var/lib/crater-agent-workspace/cargo-home:/opt/rustwide/cargo-home:ro,Z" "-v" "/var/lib/crater-agent-workspace/rustup-home:/opt/rustwide/rustup-home:ro,Z" "-e" "SOURCE_DIR=/opt/rustwide/workdir" "-e" "CARGO_TARGET_DIR=/opt/rustwide/target" "-e" "CARGO_INCREMENTAL=0" "-e" "RUST_BACKTRACE=full" "-e" "RUSTFLAGS=--cap-lints=forbid" "-e" "CARGO_HOME=/opt/rustwide/cargo-home" "-e" "RUSTUP_HOME=/opt/rustwide/rustup-home" "-w" "/opt/rustwide/workdir" "-m" "1610612736" "--user" "0:0" "--network" "none" "rustops/crates-build-env@sha256:a636fd89d022f18117e1dc8fb37a0a009933cdbbe082814857f0e2024962d47c" "/opt/rustwide/cargo-home/bin/cargo" "+cfbc6d4cf1acbac5c025acf8ed68929caa551df3" "check" "--frozen" "--all" "--all-targets" "--message-format=json", kill_on_drop: false }`
[INFO] [stdout] 4aee55c3ddadcdd724dae27723d93ddaa64828eb5c8a69a63fb58aaa24742af0
[INFO] [stderr] WARNING: Your kernel does not support swap limit capabilities or the cgroup is not mounted. Memory limited without swap.
[INFO] running `Command { std: "docker" "start" "-a" "4aee55c3ddadcdd724dae27723d93ddaa64828eb5c8a69a63fb58aaa24742af0", kill_on_drop: false }`
[INFO] [stderr]     Blocking waiting for file lock on package cache
[INFO] [stderr]    Compiling cc v1.0.59
[INFO] [stderr]    Compiling libc v0.2.76
[INFO] [stderr]    Compiling memchr v2.3.3
[INFO] [stderr]    Compiling glob v0.3.0
[INFO] [stderr]    Compiling version_check v0.9.2
[INFO] [stderr]    Compiling proc-macro2 v1.0.19
[INFO] [stderr]    Compiling unicode-xid v0.2.1
[INFO] [stderr]    Compiling unicode-width v0.1.8
[INFO] [stderr]    Compiling quick-error v1.2.3
[INFO] [stderr]    Compiling autocfg v1.0.1
[INFO] [stderr]    Compiling termcolor v1.1.0
[INFO] [stderr]    Compiling strsim v0.8.0
[INFO] [stderr]    Compiling bindgen v0.54.1
[INFO] [stderr]    Compiling vec_map v0.8.2
[INFO] [stderr]    Compiling lazycell v1.3.0
[INFO] [stderr]    Compiling shlex v0.1.1
[INFO] [stderr]    Compiling peeking_take_while v0.1.2
[INFO] [stderr]    Compiling rustc-hash v1.1.0
[INFO] [stderr]     Checking foreign-types-shared v0.1.1
[INFO] [stderr]    Compiling openssl v0.10.30
[INFO] [stderr]     Checking cfg-if v0.1.10
[INFO] [stderr]    Compiling humantime v1.3.0
[INFO] [stderr]    Compiling textwrap v0.11.0
[INFO] [stderr]     Checking foreign-types v0.3.2
[INFO] [stderr]    Compiling bitflags v1.2.1
[INFO] [stderr]    Compiling log v0.4.11
[INFO] [stderr]    Compiling nom v5.1.2
[INFO] [stderr]    Compiling clang-sys v0.29.3
[INFO] [stderr]    Compiling aho-corasick v0.7.13
[INFO] [stderr]    Compiling cmake v0.1.44
[INFO] [stderr]    Compiling quote v1.0.7
[INFO] [stderr]    Compiling libloading v0.5.2
[INFO] [stderr]    Compiling openssl-sys v0.9.58
[INFO] [stderr]    Compiling atty v0.2.14
[INFO] [stderr]    Compiling which v3.1.1
[INFO] [stderr]    Compiling clap v2.33.3
[INFO] [stderr]    Compiling regex v1.3.9
[INFO] [stderr]    Compiling env_logger v0.7.1
[INFO] [stderr]    Compiling cexpr v0.4.0
[INFO] [stderr]    Compiling datachannel-sys v0.8.0 (/opt/rustwide/workdir)
[INFO] [stderr] error: failed to run custom build command for `datachannel-sys v0.8.0 (/opt/rustwide/workdir)`
[INFO] [stderr] 
[INFO] [stderr] Caused by:
[INFO] [stderr]   process didn't exit successfully: `/opt/rustwide/target/debug/build/datachannel-sys-235af643cef3ef9f/build-script-build` (exit code: 101)
[INFO] [stderr]   --- stdout
[INFO] [stderr]   running: "cmake" "/opt/rustwide/workdir/libdatachannel" "-DNO_WEBSOCKET=ON" "-DNO_EXAMPLES=ON" "-DCMAKE_INSTALL_PREFIX=/opt/rustwide/target/debug/build/datachannel-sys-636646636a75befa/out" "-DCMAKE_C_FLAGS= -ffunction-sections -fdata-sections -fPIC -m64" "-DCMAKE_C_COMPILER=/usr/bin/cc" "-DCMAKE_CXX_FLAGS= -ffunction-sections -fdata-sections -fPIC -m64" "-DCMAKE_CXX_COMPILER=/usr/bin/c++" "-DCMAKE_ASM_FLAGS= -ffunction-sections -fdata-sections -fPIC -m64" "-DCMAKE_ASM_COMPILER=/usr/bin/cc" "-DCMAKE_BUILD_TYPE=Debug"
[INFO] [stderr]   -- The CXX compiler identification is GNU 9.3.0
[INFO] [stderr]   -- Check for working CXX compiler: /usr/bin/c++
[INFO] [stderr]   -- Check for working CXX compiler: /usr/bin/c++ -- works
[INFO] [stderr]   -- Detecting CXX compiler ABI info
[INFO] [stderr]   -- Detecting CXX compiler ABI info - done
[INFO] [stderr]   -- Detecting CXX compile features
[INFO] [stderr]   -- Detecting CXX compile features - done
[INFO] [stderr]   -- Looking for C++ include pthread.h
[INFO] [stderr]   -- Looking for C++ include pthread.h - found
[INFO] [stderr]   -- Performing Test CMAKE_HAVE_LIBC_PTHREAD
[INFO] [stderr]   -- Performing Test CMAKE_HAVE_LIBC_PTHREAD - Failed
[INFO] [stderr]   -- Check if compiler accepts -pthread
[INFO] [stderr]   -- Check if compiler accepts -pthread - yes
[INFO] [stderr]   -- Found Threads: TRUE  
[INFO] [stderr]   -- The C compiler identification is GNU 9.3.0
[INFO] [stderr]   -- Check for working C compiler: /usr/bin/cc
[INFO] [stderr]   -- Check for working C compiler: /usr/bin/cc -- works
[INFO] [stderr]   -- Detecting C compiler ABI info
[INFO] [stderr]   -- Detecting C compiler ABI info - done
[INFO] [stderr]   -- Detecting C compile features
[INFO] [stderr]   -- Detecting C compile features - done
[INFO] [stderr]   -- Looking for include file sys/queue.h
[INFO] [stderr]   -- Looking for include file sys/queue.h - found
[INFO] [stderr]   -- Looking for include files sys/socket.h, linux/if_addr.h
[INFO] [stderr]   -- Looking for include files sys/socket.h, linux/if_addr.h - found
[INFO] [stderr]   -- Looking for include files sys/socket.h, linux/rtnetlink.h
[INFO] [stderr]   -- Looking for include files sys/socket.h, linux/rtnetlink.h - found
[INFO] [stderr]   -- Looking for 4 include files sys/types.h, ..., netinet/ip_icmp.h
[INFO] [stderr]   -- Looking for 4 include files sys/types.h, ..., netinet/ip_icmp.h - found
[INFO] [stderr]   -- Looking for include file stdatomic.h
[INFO] [stderr]   -- Looking for include file stdatomic.h - found
[INFO] [stderr]   -- Looking for usrsctp.h
[INFO] [stderr]   -- Looking for usrsctp.h - found
[INFO] [stderr]   -- Performing Test have_sa_len
[INFO] [stderr]   -- Performing Test have_sa_len - Failed
[INFO] [stderr]   -- Performing Test have_sin_len
[INFO] [stderr]   -- Performing Test have_sin_len - Failed
[INFO] [stderr]   -- Performing Test have_sin6_len
[INFO] [stderr]   -- Performing Test have_sin6_len - Failed
[INFO] [stderr]   -- Performing Test have_sconn_len
[INFO] [stderr]   -- Performing Test have_sconn_len - Failed
[INFO] [stderr]   -- Performing Test has_wfloat_equal
[INFO] [stderr]   -- Performing Test has_wfloat_equal - Success
[INFO] [stderr]   -- Performing Test has_wshadow
[INFO] [stderr]   -- Performing Test has_wshadow - Success
[INFO] [stderr]   -- Performing Test has_wpointer_aritih
[INFO] [stderr]   -- Performing Test has_wpointer_aritih - Success
[INFO] [stderr]   -- Performing Test has_wunreachable_code
[INFO] [stderr]   -- Performing Test has_wunreachable_code - Success
[INFO] [stderr]   -- Performing Test has_winit_self
[INFO] [stderr]   -- Performing Test has_winit_self - Success
[INFO] [stderr]   -- Performing Test has_wno_unused_function
[INFO] [stderr]   -- Performing Test has_wno_unused_function - Success
[INFO] [stderr]   -- Performing Test has_wno_unused_parameter
[INFO] [stderr]   -- Performing Test has_wno_unused_parameter - Success
[INFO] [stderr]   -- Performing Test has_wno_unreachable_code
[INFO] [stderr]   -- Performing Test has_wno_unreachable_code - Success
[INFO] [stderr]   -- Performing Test has_wstrict_prototypes
[INFO] [stderr]   -- Performing Test has_wstrict_prototypes - Success
[INFO] [stderr]   -- Compiler flags (CMAKE_C_FLAGS):  -ffunction-sections -fdata-sections -fPIC -m64 -std=c99 -pedantic -Wall -Wextra -Wfloat-equal -Wshadow -Wpointer-arith -Wunreachable-code -Winit-self -Wno-unused-function -Wno-unused-parameter -Wno-unreachable-code -Wstrict-prototypes -Werror
[INFO] [stderr]   -- Performing Test has_wno_address_of_packed_member
[INFO] [stderr]   -- Performing Test has_wno_address_of_packed_member - Success
[INFO] [stderr]   -- Performing Test has_wno_deprecated_declarations
[INFO] [stderr]   -- Performing Test has_wno_deprecated_declarations - Success
[INFO] [stderr]   -- Found OpenSSL: /usr/lib/x86_64-linux-gnu/libcrypto.so (found version "1.1.1f")  
[INFO] [stderr]   -- Configuring done
[INFO] [stderr]   -- Generating done
[INFO] [stderr]   -- Build files have been written to: /opt/rustwide/target/debug/build/datachannel-sys-636646636a75befa/out/build
[INFO] [stderr]   running: "cmake" "--build" "." "--target" "install" "--config" "Debug" "--"
[INFO] [stderr]   Scanning dependencies of target juice-static
[INFO] [stderr]   [  4%] Building C object deps/libjuice/CMakeFiles/juice-static.dir/src/addr.c.o
[INFO] [stderr]   [  2%] Building C object deps/libjuice/CMakeFiles/juice-static.dir/src/agent.c.o
[INFO] [stderr]   [  6%] Building C object deps/libjuice/CMakeFiles/juice-static.dir/src/hmac.c.o
[INFO] [stderr]   [  8%] Building C object deps/libjuice/CMakeFiles/juice-static.dir/src/random.c.o
[INFO] [stderr]   [ 10%] Building C object deps/libjuice/CMakeFiles/juice-static.dir/src/log.c.o
[INFO] [stderr]   [ 12%] Building C object deps/libjuice/CMakeFiles/juice-static.dir/src/juice.c.o
[INFO] [stderr]   [ 14%] Building C object deps/libjuice/CMakeFiles/juice-static.dir/src/ice.c.o
[INFO] [stderr]   [ 14%] Building C object deps/libjuice/CMakeFiles/juice-static.dir/src/crc32.c.o
[INFO] [stderr]   [ 14%] Building C object deps/libjuice/CMakeFiles/juice-static.dir/src/stun.c.o
[INFO] [stderr]   [ 16%] Building C object deps/libjuice/CMakeFiles/juice-static.dir/src/udp.c.o
[INFO] [stderr]   Scanning dependencies of target usrsctp-static
[INFO] [stderr]   [ 18%] Building C object deps/usrsctp/usrsctplib/CMakeFiles/usrsctp-static.dir/netinet/sctp_cc_functions.c.o
[INFO] [stderr]   [ 20%] Building C object deps/usrsctp/usrsctplib/CMakeFiles/usrsctp-static.dir/netinet/sctp_bsd_addr.c.o
[INFO] [stderr]   [ 22%] Building C object deps/usrsctp/usrsctplib/CMakeFiles/usrsctp-static.dir/netinet/sctp_asconf.c.o
[INFO] [stderr]   [ 22%] Building C object deps/usrsctp/usrsctplib/CMakeFiles/usrsctp-static.dir/netinet/sctp_auth.c.o
[INFO] [stderr]   [ 22%] Building C object deps/usrsctp/usrsctplib/CMakeFiles/usrsctp-static.dir/netinet/sctp_indata.c.o
[INFO] [stderr]   [ 24%] Building C object deps/usrsctp/usrsctplib/CMakeFiles/usrsctp-static.dir/netinet/sctp_crc32.c.o
[INFO] [stderr]   [ 26%] Building C object deps/usrsctp/usrsctplib/CMakeFiles/usrsctp-static.dir/netinet/sctp_callout.c.o
[INFO] [stderr]   [ 28%] Building C object deps/usrsctp/usrsctplib/CMakeFiles/usrsctp-static.dir/netinet/sctp_input.c.o
[INFO] [stderr]   [ 30%] Building C object deps/usrsctp/usrsctplib/CMakeFiles/usrsctp-static.dir/netinet/sctp_output.c.o
[INFO] [stderr]   [ 32%] Building C object deps/usrsctp/usrsctplib/CMakeFiles/usrsctp-static.dir/netinet/sctp_sysctl.c.o
[INFO] [stderr]   [ 34%] Building C object deps/usrsctp/usrsctplib/CMakeFiles/usrsctp-static.dir/netinet/sctp_peeloff.c.o
[INFO] [stderr]   [ 36%] Building C object deps/usrsctp/usrsctplib/CMakeFiles/usrsctp-static.dir/netinet/sctp_pcb.c.o
[INFO] [stderr]   [ 38%] Building C object deps/usrsctp/usrsctplib/CMakeFiles/usrsctp-static.dir/netinet/sctp_sha1.c.o
[INFO] [stderr]   [ 38%] Building C object deps/usrsctp/usrsctplib/CMakeFiles/usrsctp-static.dir/netinet/sctp_ss_functions.c.o
[INFO] [stderr]   [ 40%] Building C object deps/usrsctp/usrsctplib/CMakeFiles/usrsctp-static.dir/netinet/sctp_timer.c.o
[INFO] [stderr]   [ 42%] Building C object deps/usrsctp/usrsctplib/CMakeFiles/usrsctp-static.dir/netinet/sctp_usrreq.c.o
[INFO] [stderr]   [ 46%] Building C object deps/usrsctp/usrsctplib/CMakeFiles/usrsctp-static.dir/netinet/sctp_userspace.c.o
[INFO] [stderr]   [ 46%] Building C object deps/usrsctp/usrsctplib/CMakeFiles/usrsctp-static.dir/netinet6/sctp6_usrreq.c.o
[INFO] [stderr]   [ 44%] Building C object deps/usrsctp/usrsctplib/CMakeFiles/usrsctp-static.dir/netinet/sctputil.c.o
[INFO] [stderr]   [ 48%] Linking C static library libjuice-static.a
[INFO] [stderr]   [ 50%] Building C object deps/usrsctp/usrsctplib/CMakeFiles/usrsctp-static.dir/user_environment.c.o
[INFO] [stderr]   [ 52%] Building C object deps/usrsctp/usrsctplib/CMakeFiles/usrsctp-static.dir/user_mbuf.c.o
[INFO] [stderr]   [ 52%] Built target juice-static
[INFO] [stderr]   [ 54%] Building C object deps/usrsctp/usrsctplib/CMakeFiles/usrsctp-static.dir/user_socket.c.o
[INFO] [stderr]   [ 56%] Building C object deps/usrsctp/usrsctplib/CMakeFiles/usrsctp-static.dir/user_recv_thread.c.o
[INFO] [stderr]   [ 58%] Linking C static library libusrsctp.a
[INFO] [stderr]   [ 58%] Built target usrsctp-static
[INFO] [stderr]   Scanning dependencies of target datachannel
[INFO] [stderr]   [ 58%] Building CXX object CMakeFiles/datachannel.dir/src/candidate.cpp.o
[INFO] [stderr]   [ 60%] Building CXX object CMakeFiles/datachannel.dir/src/configuration.cpp.o
[INFO] [stderr]   [ 62%] Building CXX object CMakeFiles/datachannel.dir/src/certificate.cpp.o
[INFO] [stderr]   [ 64%] Building CXX object CMakeFiles/datachannel.dir/src/channel.cpp.o
[INFO] [stderr]   [ 66%] Building CXX object CMakeFiles/datachannel.dir/src/datachannel.cpp.o
[INFO] [stderr]   [ 66%] Building CXX object CMakeFiles/datachannel.dir/src/description.cpp.o
[INFO] [stderr]   [ 68%] Building CXX object CMakeFiles/datachannel.dir/src/dtlssrtptransport.cpp.o
[INFO] [stderr]   [ 70%] Building CXX object CMakeFiles/datachannel.dir/src/icetransport.cpp.o
[INFO] [stderr]   [ 72%] Building CXX object CMakeFiles/datachannel.dir/src/dtlstransport.cpp.o
[INFO] [stderr]   [ 74%] Building CXX object CMakeFiles/datachannel.dir/src/init.cpp.o
[INFO] [stderr]   [ 76%] Building CXX object CMakeFiles/datachannel.dir/src/log.cpp.o
[INFO] [stderr]   [ 76%] Building CXX object CMakeFiles/datachannel.dir/src/peerconnection.cpp.o
[INFO] [stderr]   [ 78%] Building CXX object CMakeFiles/datachannel.dir/src/rtc.cpp.o
[INFO] [stderr]   [ 80%] Building CXX object CMakeFiles/datachannel.dir/src/tls.cpp.o
[INFO] [stderr]   [ 82%] Building CXX object CMakeFiles/datachannel.dir/src/sctptransport.cpp.o
[INFO] [stderr]   [ 84%] Building CXX object CMakeFiles/datachannel.dir/src/threadpool.cpp.o
[INFO] [stderr] 
[INFO] [stderr]   --- stderr
[INFO] [stderr]   CMake Warning:
[INFO] [stderr]     Manually-specified variables were not used by the project:
[INFO] [stderr] 
[INFO] [stderr]       CMAKE_ASM_COMPILER
[INFO] [stderr]       CMAKE_ASM_FLAGS
[INFO] [stderr] 
[INFO] [stderr] 
[INFO] [stderr]   c++: fatal error: Killed signal terminated program cc1plus
[INFO] [stderr]   compilation terminated.
[INFO] [stderr]   make[2]: *** [CMakeFiles/datachannel.dir/build.make:219: CMakeFiles/datachannel.dir/src/rtc.cpp.o] Error 1
[INFO] [stderr]   make[2]: *** Waiting for unfinished jobs....
[INFO] [stderr]   c++: fatal error: Killed signal terminated program cc1plus
[INFO] [stderr]   compilation terminated.
[INFO] [stderr]   make[2]: *** [CMakeFiles/datachannel.dir/build.make:180: CMakeFiles/datachannel.dir/src/init.cpp.o] Error 1
[INFO] [stderr]   c++: fatal error: Killed signal terminated program cc1plus
[INFO] [stderr]   compilation terminated.
[INFO] [stderr]   make[2]: *** [CMakeFiles/datachannel.dir/build.make:232: CMakeFiles/datachannel.dir/src/sctptransport.cpp.o] Error 1
[INFO] [stderr]   c++: fatal error: Killed signal terminated program cc1plus
[INFO] [stderr]   compilation terminated.
[INFO] [stderr]   make[2]: *** [CMakeFiles/datachannel.dir/build.make:154: CMakeFiles/datachannel.dir/src/dtlstransport.cpp.o] Error 1
[INFO] [stderr]   make[1]: *** [CMakeFiles/Makefile2:245: CMakeFiles/datachannel.dir/all] Error 2
[INFO] [stderr]   make: *** [Makefile:130: all] Error 2
[INFO] [stderr]   thread 'main' panicked at '
[INFO] [stderr]   command did not execute successfully, got: exit code: 2
[INFO] [stderr] 
[INFO] [stderr]   build script failed, must exit now', /opt/rustwide/cargo-home/registry/src/github.com-1ecc6299db9ec823/cmake-0.1.44/src/lib.rs:885:5
[INFO] [stderr]   stack backtrace:
[INFO] [stderr]      0:     0x559857772505 - backtrace::backtrace::libunwind::trace::h5e2646fa3eddf2ea
[INFO] [stderr]                                  at /cargo/registry/src/github.com-1ecc6299db9ec823/backtrace-0.3.46/src/backtrace/libunwind.rs:86
[INFO] [stderr]      1:     0x559857772505 - backtrace::backtrace::trace_unsynchronized::hb95dd7f77ce47877
[INFO] [stderr]                                  at /cargo/registry/src/github.com-1ecc6299db9ec823/backtrace-0.3.46/src/backtrace/mod.rs:66
[INFO] [stderr]      2:     0x559857772505 - std::sys_common::backtrace::_print_fmt::h5e71b67af43fd70d
[INFO] [stderr]                                  at src/libstd/sys_common/backtrace.rs:78
[INFO] [stderr]      3:     0x559857772505 - <std::sys_common::backtrace::_print::DisplayBacktrace as core::fmt::Display>::fmt::hdb4a83d2b61107e5
[INFO] [stderr]                                  at src/libstd/sys_common/backtrace.rs:59
[INFO] [stderr]      4:     0x55985779d34c - core::fmt::write::ha20e7262fa3e8a7a
[INFO] [stderr]                                  at src/libcore/fmt/mod.rs:1076
[INFO] [stderr]      5:     0x55985776e722 - std::io::Write::write_fmt::h1aebfe8a5a79e36d
[INFO] [stderr]                                  at src/libstd/io/mod.rs:1537
[INFO] [stderr]      6:     0x559857775220 - std::sys_common::backtrace::_print::h9c07314cc66ba539
[INFO] [stderr]                                  at src/libstd/sys_common/backtrace.rs:62
[INFO] [stderr]      7:     0x559857775220 - std::sys_common::backtrace::print::hd1fd65f49a2d8544
[INFO] [stderr]                                  at src/libstd/sys_common/backtrace.rs:49
[INFO] [stderr]      8:     0x559857775220 - std::panicking::default_hook::{{closure}}::h222da46485ab36fc
[INFO] [stderr]                                  at src/libstd/panicking.rs:198
[INFO] [stderr]      9:     0x559857774f6c - std::panicking::default_hook::hc5868949d129ed00
[INFO] [stderr]                                  at src/libstd/panicking.rs:217
[INFO] [stderr]     10:     0x559857775863 - std::panicking::rust_panic_with_hook::h26a6ab8b0993c0c8
[INFO] [stderr]                                  at src/libstd/panicking.rs:526
[INFO] [stderr]     11:     0x55985777545b - rust_begin_unwind
[INFO] [stderr]                                  at src/libstd/panicking.rs:437
[INFO] [stderr]     12:     0x5598577753cb - std::panicking::begin_panic_fmt::h2ff295231415d4a6
[INFO] [stderr]                                  at src/libstd/panicking.rs:391
[INFO] [stderr]     13:     0x559857709a37 - cmake::fail::hf0f3f19e1ff44c4b
[INFO] [stderr]                                  at /opt/rustwide/cargo-home/registry/src/github.com-1ecc6299db9ec823/cmake-0.1.44/src/lib.rs:885
[INFO] [stderr]     14:     0x55985770937e - cmake::run::hbfa9e03c3139de5a
[INFO] [stderr]                                  at /opt/rustwide/cargo-home/registry/src/github.com-1ecc6299db9ec823/cmake-0.1.44/src/lib.rs:863
[INFO] [stderr]     15:     0x559857705aa0 - cmake::Config::build::h91a3fd6d1f201449
[INFO] [stderr]                                  at /opt/rustwide/cargo-home/registry/src/github.com-1ecc6299db9ec823/cmake-0.1.44/src/lib.rs:769
[INFO] [stderr]     16:     0x5598571c4384 - build_script_build::main::h66be95d70078975b
[INFO] [stderr]                                  at /opt/rustwide/workdir/build.rs:20
[INFO] [stderr]     17:     0x5598571c4fab - std::rt::lang_start::{{closure}}::h582175a57e330b9c
[INFO] [stderr]                                  at /rustc/cfbc6d4cf1acbac5c025acf8ed68929caa551df3/src/libstd/rt.rs:67
[INFO] [stderr]     18:     0x559857775c33 - std::rt::lang_start_internal::{{closure}}::h84a998219831fa70
[INFO] [stderr]                                  at src/libstd/rt.rs:52
[INFO] [stderr]     19:     0x559857775c33 - std::panicking::try::do_call::he8e1d689a3e26def
[INFO] [stderr]                                  at src/libstd/panicking.rs:348
[INFO] [stderr]     20:     0x559857775c33 - std::panicking::try::h264b6eebc2fa7bbf
[INFO] [stderr]                                  at src/libstd/panicking.rs:325
[INFO] [stderr]     21:     0x559857775c33 - std::panic::catch_unwind::hbf28fafa723b2128
[INFO] [stderr]                                  at src/libstd/panic.rs:394
[INFO] [stderr]     22:     0x559857775c33 - std::rt::lang_start_internal::he959aa59bc3ec202
[INFO] [stderr]                                  at src/libstd/rt.rs:51
[INFO] [stderr]     23:     0x5598571c4f87 - std::rt::lang_start::h279c9df8f5bf307c
[INFO] [stderr]                                  at /rustc/cfbc6d4cf1acbac5c025acf8ed68929caa551df3/src/libstd/rt.rs:67
[INFO] [stderr]     24:     0x5598571c47ca - main
[INFO] [stderr]     25:     0x7f7d194180b3 - __libc_start_main
[INFO] [stderr]     26:     0x5598571c41ae - _start
[INFO] [stderr]     27:                0x0 - <unknown>
[INFO] running `Command { std: "docker" "inspect" "4aee55c3ddadcdd724dae27723d93ddaa64828eb5c8a69a63fb58aaa24742af0", kill_on_drop: false }`
[INFO] running `Command { std: "docker" "rm" "-f" "4aee55c3ddadcdd724dae27723d93ddaa64828eb5c8a69a63fb58aaa24742af0", kill_on_drop: false }`
[INFO] [stdout] 4aee55c3ddadcdd724dae27723d93ddaa64828eb5c8a69a63fb58aaa24742af0
